{"id":362,"date":"2018-07-11T13:10:51","date_gmt":"2018-07-11T13:10:51","guid":{"rendered":"https:\/\/demo.mekshq.com\/opinion\/dc\/?page_id=362"},"modified":"2022-11-14T12:56:18","modified_gmt":"2022-11-14T11:56:18","slug":"contact","status":"publish","type":"page","link":"https:\/\/upwavre.be\/up\/contact\/","title":{"rendered":"Contact"},"content":{"rendered":"\n<p>Pour nous contacter, utiliser les informations le contact de responsables des p\u00f4les UP. Pour contacter les paroisses, vous pouvez utiliser  les liens des paroisses, accessibles de notre site.<\/p>\n\n\n\n<p>Pour les informations g\u00e9n\u00e9rales sur l&#8217;Unit\u00e9 Pastorale de Wavre, contactez son responsable Andr\u00e9 Sarota : 010 23 49 83<\/p>\n\n\n","protected":false},"excerpt":{"rendered":"<p>Pour nous contacter, utiliser les informations le contact de responsables des p\u00f4les UP. Pour contacter les paroisses, vous pouvez utiliser les liens des paroisses, accessibles de notre site. Pour les [&hellip;]<\/p>\n","protected":false},"author":1,"featured_media":1389,"parent":0,"menu_order":0,"comment_status":"closed","ping_status":"closed","template":"","meta":{"_exactmetrics_skip_tracking":false,"_exactmetrics_sitenote_active":false,"_exactmetrics_sitenote_note":"","_exactmetrics_sitenote_category":0,"footnotes":""},"class_list":["post-362","page","type-page","status-publish","has-post-thumbnail","hentry"],"_links":{"self":[{"href":"https:\/\/upwavre.be\/up\/wp-json\/wp\/v2\/pages\/362","targetHints":{"allow":["GET"]}}],"collection":[{"href":"https:\/\/upwavre.be\/up\/wp-json\/wp\/v2\/pages"}],"about":[{"href":"https:\/\/upwavre.be\/up\/wp-json\/wp\/v2\/types\/page"}],"author":[{"embeddable":true,"href":"https:\/\/upwavre.be\/up\/wp-json\/wp\/v2\/users\/1"}],"replies":[{"embeddable":true,"href":"https:\/\/upwavre.be\/up\/wp-json\/wp\/v2\/comments?post=362"}],"version-history":[{"count":2,"href":"https:\/\/upwavre.be\/up\/wp-json\/wp\/v2\/pages\/362\/revisions"}],"predecessor-version":[{"id":1392,"href":"https:\/\/upwavre.be\/up\/wp-json\/wp\/v2\/pages\/362\/revisions\/1392"}],"wp:featuredmedia":[{"embeddable":true,"href":"https:\/\/upwavre.be\/up\/wp-json\/wp\/v2\/media\/1389"}],"wp:attachment":[{"href":"https:\/\/upwavre.be\/up\/wp-json\/wp\/v2\/media?parent=362"}],"curies":[{"name":"wp","href":"https:\/\/api.w.org\/{rel}","templated":true}]}}

<p>Pour nous contacter, utiliser les informations le contact de responsables des pôles UP. Pour contacter les paroisses, vous pouvez utiliser  les liens des paroisses, accessibles de notre site.</p>



<p>Pour les informations générales sur l&#8217;Unité Pastorale de Wavre, contactez son responsable André Sarota : 010 23 49 83</p>

<p>Pour nous contacter, utiliser les informations le contact de responsables des pôles UP. Pour contacter les paroisses, vous pouvez utiliser les liens des paroisses, accessibles de notre site. Pour les [&hellip;]</p>
